4*s. Suppose 113 = 5*p - 22. Suppose 2*c - p - s = 0. Calculate the remainder when c is divided by 13.
11
Calculate the remainder when (-38)/(12/(-48) - 1/4) is divided by 39.
37
Suppose y - 13 = 4*j, 5*y - y - 14 = -3*j. What is the remainder when 22 is divided by y?
2
Calculate the remainder when (-12)/(-16) - 146/(-8) is divided by 8.
3
Let r = 4 + -47. Let w = 61 + r. What is the remainder when w is divided by 7?
4
Suppose 2*f = f + 5. Suppose f*k - 63 = 7. Suppose -30 = -z - 5*l, -4*l - 1 = 7. What is the remainder when z is divided by k?
12
What is the remainder when 4/1*(-425)/(-20) is divided by 29?
27
Suppose 0*z + 52 = 2*z. Let v = z - 2. Let b = 35 + -22. Calculate the remainder when v is divided by b.
11
Let v = -155 + 190. Suppose 5*g - 5 = 0, 2*u - 32 = -u + 4*g. What is the remainder when v is divided by u?
11
Let v = -59 + 95. Suppose 5*t - t - v = 0. Suppose 3*u - 28 = 2*b - 92, -u + 100 = 4*b. What is the remainder when b is divided by t?
8
Suppose 3*q - 39 = -0. Let y = 82 + -44. Calculate the remainder when y is divided by q.
12
Let n = -15 - -17. What is the remainder when 13 is divided by ((2 - -14)/2)/n?
1
Suppose 5*q = -2 + 87. Calculate the remainder when 67 is divided by q.
16
Suppose -3*b + 54 = k - b, 0 = -k + 3*b + 49. Let p(u) = u + 2 - 2*u**2 + 3*u + 4*u**2. What is the remainder when k is divided by p(-4)?
16
Let x = 70 - 25. Suppose x = 5*j - 5*r, 0*j - 5*r + 18 = 2*j. Calculate the remainder when (-296)/(-16) + 3/(-2) is divided by j.
8
Let j = -21 + 48. Calculate the remainder when j is divided by 15.
12
Suppose 3*d = 4 + 11. Let g = d - 0. Suppose h - 8 = 4*f, -3*h - g*f + 3*f + 38 = 0. What is the remainder when h is divided by 7?
5
Suppose 0 = -5*c - 25, 3*o - 5*c = o + 59. What is the remainder when 64 is divided by o?
13
Let o be 1109/9 + (-2)/9. Let b = -73 + o. Calculate the remainder when b is divided by 17.
16
Suppose 0 = 2*p + s - 31, -4*p + 67 = p - s. Let n = 15 + 38. Calculate the remainder when n is divided by p.
11
Let n(l) = l + 2. Let v be (-15)/(6 + -3)*1. Let u(b) = b**3 + 5*b**2 - b. What is the remainder when u(v) is divided by n(0)?
1
What is the remainder when 42 is divided by 2/2 + (20 - -1)?
20
Let k(r) = r**2 + 9*r - 11. Let o be k(-10). What is the remainder when 4/5*75/6 is divided by (-13)/(-2) + o/2?
4
Let o(z) be the second derivative of z**4/6 + z**3/3 + 2*z**2 - 2*z. Suppose 4*i - 43 = -19. What is the remainder when o(-3) is divided by i?
4
Let f = 33 + -18. Let d(s) = s**2 + 4*s - 5. Let y be d(-6). Suppose y*k - 220 = 2*k. Calculate the remainder when k is divided by f.
14
Let c = 77 + -40. Suppose 0 = 4*i - 2*d - 154, 2*d = -i + d + c. Calculate the remainder when i is divided by 13.
12
Let p = -81 + 149. Calculate the remainder when 23 is divided by (-2)/(-3) - p/(-6).
11
Let y(f) = f + 36. Calculate the remainder when 82 is divided by y(-15).
19
Suppose 5*o = -42 + 287. Calculate the remainder when o is divided by 13.
10
Let s(w) be the third derivative of 13*w**4/4 + w**3/6 - 4*w**2. Calculate the remainder when s(1) is divided by 20.
19
Let m(x) = 2*x - 7*x**2 + 1 + 8*x**2 + 9*x**2. Suppose 5*z - t = 81, 0*z - 3*t = -4*z + 56. What is the remainder when z is divided by m(-1)?
8
Let s(n) = -2*n + 14. Suppose 0 = 3*a - 4*i - 18, 3*a - i + 0 = 9. Suppose 0 = a*w - 3*w + 16. What is the remainder when w is divided by s(4)?
4
Suppose -a - 132 = -4*t, 5*t + a - 165 = 2*a. What is the remainder when t is divided by 12?
9
Let c = -1 - -9. Let y(q) = 2*q + 11. Calculate the remainder when y(10) is divided by c.
7
Calculate the remainder when 136 is divided by 8*(3 - 66/(-24)).
44
Suppose -2 = -4*z + 6. Suppose -z*o + 27 = -1. Calculate the remainder when o is divided by 3*4 - (8 + -1).
4
Let v(s) = 43*s**3 + s**2 - 3*s + 2. Calculate the remainder when v(1) is divided by 9.
7
Let z(v) be the third derivative of v**5/60 + v**4/24 + 5*v**3 - 2*v**2. Calculate the remainder when z(0) is divided by ((-22)/(-8))/(2/8).
8
Let y = -127 + 82. Let t be 3 + (-2 - y/1). Let s = t + -24. Calculate the remainder when s is divided by 12.
10
Let x = 126 + -121. Calculate the remainder when x is divided by 5.
0
Let b = 13 - 7. Suppose 0 = -2*r - 2 + b. What is the remainder when 3 is divided by r?
1
Let x(l) = -l + 2. Suppose 2*s + 9 = -s. Calculate the remainder when x(s) is divided by 4.
1
Suppose 5*o = -5*u + 22 + 243, 179 = 3*u - 2*o. What is the remainder when u is divided by 20?
17
Let m be 4*(-21 + 0 - -1). What is the remainder when (m/(-8))/((-2)/(-4)) is divided by 4/6*(-33)/(-2)?
9
Suppose 2*y = 3*l + 29, 0 = -5*y - 0*y - 2*l + 63. Calculate the remainder when y is divided by 5.
3
Let q = -32 + 49. Let p(i) = 3*i**3 - 2*i**2 - 2 + 1 - 2*i**3. Calculate the remainder when p(4) is divided by q.
14
Let r be -2 + 1 + 1 + 7. Suppose -r*s + 10 = -2*s. Let b = -1 + 3. Calculate the remainder when b is divided by s.
0
What is the remainder when (95*(0 - 2))/(-2 + 0) is divided by 24?
23
Suppose -2*z = z - 3, 3*t - 35 = -5*z. Calculate the remainder when 67 is divided by t.
7
Suppose -4*f + 0*f + 12 = 0. What is the remainder when 30 is divided by 2 - (-3 + 0 - f)?
6
Suppose 4*o - 57 = -17. What is the remainder when o is divided by 6?
4
What is the remainder when 51 + (2 + -2)/3 is divided by 13?
12
Suppose -3*g + 17 = n, -11 = g - 0*g - 3*n. Suppose -5*s - 7 = -2. Let o = s + g. Calculate the remainder when 8 is divided by o.
2
Let f be (-3)/(-1)*(1 - -1). Let o(p) = 3*p - 3. Calculate the remainder when -2 + 23*-2*-1 is divided by o(f).
14
Let l = -43 - -5. Let r = l - -64. Calculate the remainder when r is divided by 9.
8
Let j be 4 + (-3)/(6/4). Let p(b) = 4*b**2 + 3*b - 4. What is the remainder when p(j) is divided by 5?
3
Let p = -5 + 5. Let t(d) = -8 - 9*d - d**2 + p*d**2 - d. What is the remainder when 31 is divided by t(-8)?
7
Suppose 5*n - p - 2*p = -86, 54 = -4*n - 5*p. Let t = 26 + n. Calculate the remainder when 38 is divided by t.
8
Let m(w) = -16*w - 1. Let y be m(-1). Suppose 0 = -5*c + y + 20. What is the remainder when c is divided by 3?
1
Calculate the remainder when (5 + 1/7)*(-7)/(-2) is divided by 15.
3
Suppose -3*p + 9 = 3*h, -h = 5*p + h. Calculate the remainder when (-1)/(p/42) - -2 is divided by 12.
11
Suppose 5*s - 2*a - 83 = 0, -39 = -2*s + 4*a - 9*a. Calculate the remainder when s is divided by 6.
5
Let n = -10 - -26. Calculate the remainder when n is divided by 9.
7
Calculate the remainder when 16 is divided by (-384)/(-38) - (0 + 4/38).
6
Let o be 0/1 + 6 + -4. Suppose 7*j - o*j = 85. What is the remainder when j is divided by 2/(-3) - 29/(-3)?
8
Suppose -4*b - b - 10 = 0. Let x be b/(-2) - (2 - 1). Suppose -70 = -x*i - 5*i. Calculate the remainder when i is divided by 5.
4
Suppose -o + 120 = 5*b, 3*o - 2*o = -2*b + 45. Calculate the remainder when 78 is divided by b.
3
What is the remainder when 90 is divided by (-3)/(24/(-4)) + 95/2?
42
What is the remainder when ((-2)/2)/(1/(-23)) is divided by -6*(-4)/48 - (-11)/2?
5
Suppose -q - 4*p + 88 = -p, -q - 4*p + 85 = 0. What is the remainder when q is divided by 34?
29
Let k(p) = -8 - p**3 - 10*p**2 - 2 + 8*p + p. What is the remainder when 47 is divided by k(-11)?
11
Let z = 81 - 52. What is the remainder when z is divided by 11?
7
Let w(j) = 0*j - 2*j + 3*j + 0*j - 4. What is the remainder when 8 is divided by w(7)?
2
Suppose -132 = -19*l + 15*l. What is the remainder when l is divided by 9?
6
Suppose 6*z = 2*z + 192. Suppose 0 = 3*s - z. Let l = 102 + -71. Calculate the remainder when l is divided by s.
15
What is the remainder when 0 + (-84)/(-16) - (-1)/(-4) is divided by 2?
1
Let d(m) = m**2 + 14*m + 10. What is the remainder when 29 is divided by d(-14)?
9
Suppose -b - 44 = -5*b. Let p = 267 - 57. Suppose -5*f + p = -0*x + 3*x, -3*x + 42 = f. Calculate the remainder when f is divided by b.
9
Suppose 0*b - 4*b = 2*w - 48, 30 = 2*w - 5*b. Calculate the remainder when 32 is divided by w.
12
Let i(s) = -2*s**3 + 2*s**2 + 5*s + 4. Let q = -18 - 13. Let l = -15 - q. Calculate the remainder when i(-3) is divided by l.
13
Let j(a) = a**2 - 3*a + 1. Let h be j(4). Suppose 158 = h*n + 18. What is the remainder when 111 is divided by n?
27
Let s = 41 + -25. Let c = 4 + s. Calculate the remainder when c is divide